y 2990?
227
Calculate the remainder when 38604 is divided by 19295.
14
Calculate the remainder when 12425 is divided by 12285.
140
What is the remainder when 14326 is divided by 111?
7
Calculate the remainder when 60505 is divided by 480.
25
Calculate the remainder when 3544 is divided by 886.
0
Calculate the remainder when 88685 is divided by 482.
479
What is the remainder when 1954884 is divided by 38?
12
What is the remainder when 68103 is divided by 22700?
3
What is the remainder when 3944 is divided by 514?
346
What is the remainder when 52722 is divided by 103?
89
What is the remainder when 4266 is divided by 1316?
318
What is the remainder when 2288 is divided by 474?
392
Calculate the remainder when 2699 is divided by 2638.
61
Calculate the remainder when 155840 is divided by 8201.
21
Calculate the remainder when 93102 is divided by 13.
9
Calculate the remainder when 11549 is divided by 68.
57
What is the remainder when 21223 is divided by 80?
23
Calculate the remainder when 19585 is divided by 75.
10
Calculate the remainder when 1438 is divided by 100.
38
Calculate the remainder when 53852 is divided by 22.
18
What is the remainder when 3697 is divided by 186?
163
Calculate the remainder when 2730 is divided by 1203.
324
Calculate the remainder when 96369 is divided by 28.
21
Calculate the remainder when 12782 is divided by 1065.
2
Calculate the remainder when 49206 is divided by 586.
568
What is the remainder when 17906 is divided by 17903?
3
Calculate the remainder when 587805 is divided by 876.
9
What is the remainder when 7302 is divided by 187?
9
What is the remainder when 140961 is divided by 92?
17
Calculate the remainder when 68456 is divided by 34228.
0
What is the remainder when 17452 is divided by 218?
12
Calculate the remainder when 3230 is divided by 35.
10
What is the remainder when 410493 is divided by 982?
17
What is the remainder when 317 is divided by 14?
9
What is the remainder when 74076 is divided by 53?
35
What is the remainder when 15383 is divided by 67?
40
Calculate the remainder when 26128 is divided by 24.
16
Calculate the remainder when 488 is divided by 71.
62
Calculate the remainder when 5993 is divided by 851.
36
Calculate the remainder when 5222 is divided by 865.
32
Calculate the remainder when 66399 is divided by 722.
697
Calculate the remainder when 774155 is divided by 165.
140
Calculate the remainder when 681079 is divided by 36.
31
Calculate the remainder when 8729 is divided by 85.
59
Calculate the remainder when 5201 is divided by 71.
18
Calculate the remainder when 57266 is divided by 451.
440
Calculate the remainder when 66017 is divided by 22000.
17
What is the remainder when 312373 is divided by 119?
117
Calculate the remainder when 3390 is divided by 1125.
15
Calculate the remainder when 116517 is divided by 73.
9
Calculate the remainder when 87396 is divided by 39.
36
What is the remainder when 28225 is divided by 259?
253
Calculate the remainder when 125 is divided by 9.
8
What is the remainder when 4736 is divided by 430?
6
Calculate the remainder when 132477 is divided by 11038.
21
Calculate the remainder when 107359 is divided by 68.
55
What is the remainder when 7754 is divided by 1113?
1076
Calculate the remainder when 104455 is divided by 512.
7
Calculate the remainder when 3829 is divided by 1409.
1011
Calculate the remainder when 52491 is divided by 2186.
27
What is the remainder when 144583 is divided by 20652?
19
What is the remainder when 31136 is divided by 10377?
5
What is the remainder when 264464 is divided by 88144?
32
What is the remainder when 2358 is divided by 592?
582
Calculate the remainder when 1044907 is divided by 113.
109
What is the remainder when 317 is divided by 67?
49
What is the remainder when 66326 is divided by 22107?
5
What is the remainder when 920 is divided by 30?
20
What is the remainder when 8562 is divided by 56?
50
Calculate the remainder when 174040 is divided by 9.
7
Calculate the remainder when 9196 is divided by 63.
61
Calculate the remainder when 198752 is divided by 68.
56
What is the remainder when 24910 is divided by 6226?
6
What is the remainder when 98720 is divided by 317?
133
What is the remainder when 11211 is divided by 3459?
834
What is the remainder when 17784 is divided by 275?
184
Calculate the remainder when 675096 is divided by 10.
6
Calculate the remainder when 10719 is divided by 134.
133
What is the remainder when 2076 is divided by 26?
22
What is the remainder when 21693 is divided by 364?
217
What is the remainder when 59028 is divided by 105?
18
Calculate the remainder when 5766 is divided by 309.
204
Calculate the remainder when 74060 is divided by 74045.
15
What is the remainder when 1101 is divided by 426?
249
What is the remainder when 16878 is divided by 8432?
14
What is the remainder when 18874 is divided by 3771?
19
What is the remainder when 1637 is divided by 801?
35
What is the remainder when 23049 is divided by 50?
49
What is the remainder when 4097 is divided by 348?
269
What is the remainder when 21038 is divided by 1314?
14
Calculate the remainder when 1287 is divided by 2.
1
What is the remainder when 56832 is divided by 18915?
87
What is the remainder when 179395 is divided by 842?
49
Calculate the remainder when 8319 is divided by 4144.
31
What is the remainder when 1282 is divided by 244?
62
What is the remainder when 2088439 is divided by 2395?
2394
What is the remainder when 25102 is divided by 25087?
15
What is the remainder when 145994 is divided by 129?
95
What is the remainder when 61986 is divided by 30992?
2
Calculate the remainder when 615 is divided by 198.
21
Calculate the remainder when 11511 is divided by 24.
15
What is the remainder when 5959 is divided by 60?
19
What is the remainder when 154750 is divided by 59?
52
Calculate the remainder when 26527 is divided by 4421.
1
Calculate the remainder when 532 is divided by 62.
36
What is the remainder when 26644 is divided by 2421?
13
What is the remainder when 130122 is divided by 25?
22
Calculate the remainder when 18581 is divided by 59.
55
What is the remainder when 15970 is divided by 15913?
57
Calculate the remainder when 1041233 is divided by 19.
14
What is the remainder when 1984 is divided by 137?
66
Calculate the remainder when 5567 is divided by 790.
37
Calculate the remainder when 177333 is divided by 36.
33
What is the remainder when 75772 is divided by 2914?
8
What is the remainder when 6546 is divided by 285?
276
Calculate the remainder when 26637 is divided by 90.
87
What is the remainder when 9479 is divided by 1848?
239
What is the remainder when 6320 is divided by 701?
11
Calculate the remainder when 156738 is divided by 93.
33
What is the remainder when 645016 is divided by 11316?
4
Calculate the remainder when 312 is divided by 63.
60
Calculate the remainder when 156129 is divided by 21.
15
What is the remainder when 86436 is divided by 17?
8
Calculate the remainder when 143237 is divided by 20.
17
Calculate the remainder when 5044 is divided by 299.
260
Calculate the remainder when 2368 is divided by 770.
58
What is the remainder when 99936 is divided by 107?
105
Calculate the remainder when 12289 is divided by 21.
4
Calculate the remainder when 7731 is divided by 2571.
18
Calculate the remainder when 2179 is divided by 132.
67
Calculate the remainder when 374265 is divided by 201.
3
Calculate the remainder when 218789 is divided by 65.
64
What is the remainder when 6556 is divided by 468?
4
Calculate the remainder when 4225944 is divided by 83.
82
Calculate the remainder when 532895 is divided by 17.
13
What is the remainder when 62720 is divided by 23?
22
What is the remainder when 1140 is divided by 63?
6
What is the remainder when 516 is divided by 10?
6
What is the remainder when 510 is divided by 142?
84
Calculate the remainder when 95929 is divided by 116.
113
What is the remainder when 41638 is divided by 5196?
70
Calculate the remainder when 6588 is divided by 1644.
12
Calculate the remainder when 38094 is divided by 5442.
0
Calculate the remainder when 969 is divided by 559.
410
What is the remainder when 347112 is divided by 1012?
1008
Calculate the remainder when 5885 is divided by 184.
181
Calculate the r